te the remainder when 29 is divided by j(0).
13
Let p(y) be the third derivative of -y**4/24 + y**3/3 + 2*y**2. Let n be p(5). What is the remainder when 25 is divided by (n + -1)*(-13)/4?
12
Let i = 77 - 42. Let g(l) = -l - 3. Let o be g(5). Calculate the remainder when i is divided by 75/4 - 2/o.
16
Let p = -1 + 14. Let w(z) = -4 + 8 + z + 0*z. What is the remainder when p is divided by w(3)?
6
Let s = 3 + 3. Calculate the remainder when -5 + 6 + s*5 is divided by 11.
9
Let w(c) = -c**3 + 5*c**2 + c. What is the remainder when 95 is divided by w(4)?
15
Suppose 0 = -44*x + 45*x - 31. What is the remainder when 152 is divided by x?
28
Suppose -2*j = -0 - 54. What is the remainder when 1/5 + 778/10 is divided by j?
24
Let c(d) = d**2 - 1. Let m be c(-1). Suppose 42 = 2*v - m*v. Suppose 3*z - 4*w - 59 = -2*z, 4*z - 4*w - 48 = 0. What is the remainder when v is divided by z?
10
Let o = -110 + 159. Let m = 1 - -12. What is the remainder when o is divided by m?
10
Suppose -510 = -8*k + 3*k. What is the remainder when k is divided by 15?
12
Let z(n) = 2*n**2 - 1. Let f be z(2). Suppose -2*j + j + f = 0. Calculate the remainder when 2/j - 515/(-35) is divided by 9.
6
Let l = 21 + -5. What is the remainder when l is divided by ((-9)/(-1))/((-24)/(-16))?
4
Suppose -4*p + 2*p + 166 = -5*r, -3*r + 358 = 4*p. What is the remainder when p is divided by 10/((6 + -8)*(-1)/6)?
28
Let a(k) = 3 - 3 - 5 + 5*k**2 + 3*k + 1. Calculate the remainder when a(2) is divided by 6.
4
Suppose 5*w - 35 = -5*t, -4*t + 3*w + 0*w = -28. Suppose -t - 8 = 3*r. Let y = r - -20. Calculate the remainder when y is divided by 9.
6
Suppose -l + 5 = x, 2*l - 7 = -4*x - 3. Let p = l + 26. What is the remainder when p is divided by 12?
10
Let o = 10 - 7. Suppose o*h = h + 16. Calculate the remainder when h is divided by 5.
3
Suppose 2*x = -0*x. Suppose -5*i = x, -2*q + 3*i + i + 10 = 0. Suppose 3*p - 3*r - 15 = -4*r, -32 = -q*p - 4*r. What is the remainder when p is divided by 2?
0
Suppose 2*z - 14 = -4. Calculate the remainder when 9 is divided by z.
4
Suppose 3*m + 270 = 12*m. What is the remainder when 179 is divided by m?
29
Suppose -2*y - 3*y + 952 = 3*i, -760 = -4*y - 4*i. Calculate the remainder when y is divided by 48.
47
Suppose o + 60 = 3*o. Calculate the remainder when o is divided by 17.
13
Suppose -5*w + 35 = 5*y, 0 = -4*w - 0*y - 2*y + 32. Calculate the remainder when 53 is divided by w.
8
Suppose -82 = -4*g + 2*m, 4*m - 17 = -3*g + 17. Suppose k - 13 = -f, 5*k + g = -7. Calculate the remainder when 53 is divided by f.
17
Let c = -76 + 84. What is the remainder when 79 is divided by c?
7
Suppose 5*x - 74 = -14. Let z = 119 + -72. Calculate the remainder when z is divided by x.
11
Suppose 2*z - 46 = -0*z. Let y(l) = l**3 + 8*l**2 + 5*l + 2. Let u be y(-5). Let d = u - z. What is the remainder when d is divided by 15?
14
Let t(h) be the second derivative of 3*h**4/4 + h**2 - 3*h. Let m(r) = -r**2 + 9*r - 7. Calculate the remainder when t(2) is divided by m(5).
12
Let s = -67 + 94. Suppose -11*l - 50 = -16*l. Calculate the remainder when s is divided by l.
7
Let p(t) = t**2 - 2*t + 14. What is the remainder when p(4) is divided by 9?
4
Let t = 22 - 15. Suppose 0 = -4*n - 5*f + 3 + 5, 4*n = f + 8. Suppose j = 21 - n. What is the remainder when j is divided by t?
5
Let t(w) be the first derivative of -w**4/4 - 7*w**3/3 - 2*w**2 - 11*w + 3. What is the remainder when t(-8) is divided by 29?
27
Suppose g - 18 = -g. Calculate the remainder when 44 is divided by g.
8
Suppose 3*z = 4*q - 23, -q + 3*z + 2 + 6 = 0. Calculate the remainder when 9 is divided by q.
4
Suppose 117*j = 119*j - 50. Calculate the remainder when j is divided by 9.
7
Let b = -68 + 136. Calculate the remainder when b is divided by 14.
12
Suppose 2*o - 33 = -11. Suppose 3*d = 5*d - 12. What is the remainder when o is divided by d?
5
Suppose 3*b - 3*f + f = -25, -3*b + 5*f - 40 = 0. What is the remainder when 119/4 - (-15)/(-20) is divided by (b/1)/((-1)/2)?
9
Suppose 46 = -24*i + 26*i. Suppose 4*g = -5*n + 19, 2*n - 15 = -3*g - n. Calculate the remainder when i is divided by g.
5
Suppose -4*u + 5*t = -0*u - 35, 0 = 3*u + t - 31. Let g = 0 + u. Calculate the remainder when 19 is divided by g.
9
Let q(i) be the third derivative of i**2 + 0 + 0*i + 1/60*i**5 + 1/8*i**4 + 1/2*i**3. Calculate the remainder when 25 is divided by q(-5).
12
Let o(s) = s**2 + 5*s + 3. Let a be o(-6). What is the remainder when 26*1 + -8 + a is divided by 14?
13
Suppose 0 = -0*k - k - 2*a + 13, 5*k + 2*a = 89. Suppose 2*p - k = 1. Calculate the remainder when 19 is divided by p.
9
Suppose -3*b = -8 - 22. What is the remainder when 28 is divided by b?
8
Let c(a) = -a**3 + 6*a**2 - 3*a + 2. Let p be c(5). Let m = -11 + 32. Let n = m + p. Calculate the remainder when n is divided by 17.
16
Let m = 492 + -485. Calculate the remainder when (-2)/(-3) - 158/(-6) is divided by m.
6
Let l(x) = x**2 - 6*x - 6. Suppose 4*b - 11 - 5 = 0. Suppose 0 = -2*o + o - b. Calculate the remainder when l(o) is divided by 18.
16
Suppose -2*y - 295 = -7*y. What is the remainder when y is divided by 15?
14
Let s(z) = -z**2 - 5*z - 1. Suppose 5*f - 3*a - 22 = 3, 5*a - 65 = -5*f. What is the remainder when f is divided by s(-3)?
3
Suppose -2*d = 6, -2*r - 3*d = -56 + 11. Let g = -72 - -150. What is the remainder when g is divided by r?
24
Suppose 0 = -2*u - 0*u - x + 83, -4*x + 203 = 5*u. What is the remainder when u is divided by 23?
20
Suppose 0*u - u = -10. Let l(y) = -y**3 - 6*y**2 - 3. Let t be l(-8). Suppose -5*v + u*v = t. Calculate the remainder when v is divided by 9.
7
Let h = 38 - 31. What is the remainder when 20 is divided by h?
6
Suppose -q = 1 - 6. Calculate the remainder when 14 is divided by q.
4
Let b = 33 + 2. Calculate the remainder when 103 is divided by b.
33
Let z(a) = 2*a**2 - a + 7. Calculate the remainder when z(5) is divided by 12.
4
Let y(t) = 2*t + 13. Let w be y(-5). Suppose 0 = w*i - 4*i + 6. What is the remainder when 14 is divided by i?
2
Suppose -z = -6*z + 90. Let o(l) = l**2 + l + 34. Suppose f = 4*p, 0*f + f - p = 0. Calculate the remainder when o(f) is divided by z.
16
Suppose 11*a + 1 = 34. Suppose 0 = -5*f + h + 46, -3*f + 3*h + 12 = -2*f. What is the remainder when f is divided by a?
0
Suppose 3 = l + x + 6, 2*l = x + 9. Calculate the remainder when 5 is divided by l.
1
Let j(a) = -a**3 - 5*a**2 - 3*a - 5. Let u be (-8)/(-44) - (-57)/(-11). Calculate the remainder when 18 is divided by j(u).
8
Suppose 3*o = -14 - 4. Let m be ((-14)/o - 1)*3. Suppose -22 = -3*j + h, -m*h = 3*j + h - 52. What is the remainder when 16 is divided by j?
7
Let h be (-6)/(-4)*(-264)/(-9). Suppose 3*m + 78 = 4*w, 4*w - h = 2*w + 4*m. What is the remainder when 69 is divided by w?
15
Suppose 6 = -i + 15. What is the remainder when 17 is divided by i?
8
Suppose j + 0*j = 10. Let k(h) = h**3. What is the remainder when k(3) is divided by j?
7
Suppose -12 = -f + 10. Suppose 0 = 3*k + k - 4. Let u(q) = 8*q**2 + q - 1. Calculate the remainder when f is divided by u(k).
6
Let l(p) = 12*p - 32. Suppose -3*i - 2*i + 75 = 0. What is the remainder when l(5) is divided by i?
13
Let c = 20 + -9. Let g = 166 - 159. What is the remainder when c is divided by g?
4
Let a(g) = g + 17. Calculate the remainder when a(-12) is divided by 3.
2
Suppose d + 38 = 5*s, -1 = d + 4*s + 1. Let g = 31 + d. What is the remainder when 24 is divided by g?
11
Suppose -t - 3*t = -36. Suppose -2*q + t = -11. Calculate the remainder when q is divided by 7.
3
Suppose -2*h = 14 - 112. Calculate the remainder when h is divided by 10.
9
Let r = 57 + -94. Let b be ((-25)/35 - (-4)/(-14)) + -20. Let y = b - r. Calculate the remainder when y is divided by 6.
4
Let i = 7 - -3. Suppose -3*n - 126 = -0*n. What is the remainder when i is divided by (-4)/(-14) + (-240)/n?
4
Let d(p) = -15*p**2 + p + 1. Let k be d(-2). Let u = k + 26. What is the remainder when 7 is divided by ((-4)/(-5))/((-7)/u)?
3
Let u be -2 + -1 + 3 + 26. Let o = u + -8. What is the remainder when 53 is divided by o?
17
Suppose -m + 88 = 3*m - d, -2*m - 5*d + 66 = 0. Suppose -68 = -5*f - 8. What is the remainder when m is divided by f?
11
What is the remainder when 22 is divided by (-4 - -8)/(1 + 0)?
2
Let a = 25 + -22. Let 